{"id":9134,"date":"2019-07-17T16:49:10","date_gmt":"2019-07-17T14:49:10","guid":{"rendered":"https:\/\/max-grundig-klinik.de\/wp-content\/uploads\/medizinisches-fachpersonal-radiologie-im-fr\u00f6hlichen-gespr\u00e4ch.jpg"},"modified":"2019-09-12T13:55:14","modified_gmt":"2019-09-12T11:55:14","slug":"medizinisches-fachpersonal-radiologie-im-froehlichen-gespraech-2","status":"inherit","type":"attachment","link":"https:\/\/www.max-grundig-klinik.de\/en\/radiologisches-zentrum\/ablauf-einer-untersuchung\/medizinisches-fachpersonal-radiologie-im-froehlichen-gespraech-2\/","title":{"rendered":"medizinisches-fachpersonal-radiologie-im-fr\u00f6hlichen-gespr\u00e4ch"},"author":11,"featured_media":0,"comment_status":"open","ping_status":"closed","template":"","meta":{"_acf_changed":false,"om_disable_all_campaigns":false,"_monsterinsights_skip_tracking":false,"_monsterinsights_sitenote_active":false,"_monsterinsights_sitenote_note":"","_monsterinsights_sitenote_category":0},"class_list":["post-9134","attachment","type-attachment","status-inherit","hentry"],"acf":[],"aioseo_notices":[],"description":{"rendered":"<p class=\"attachment\"><a href='https:\/\/www.max-grundig-klinik.de\/wp-content\/uploads\/medizinisches-fachpersonal-radiologie-im-fr\u00f6hlichen-gespr\u00e4ch.jpg'><img loading=\"lazy\" decoding=\"async\" width=\"194\" height=\"300\" src=\"https:\/\/www.max-grundig-klinik.de\/wp-content\/uploads\/medizinisches-fachpersonal-radiologie-im-fr\u00f6hlichen-gespr\u00e4ch-194x300.jpg\" class=\"attachment-medium size-medium\" alt=\"Auch w\u00e4hrend der Arbeit Spa\u00df haben - in der Radiologie\" srcset=\"https:\/\/www.max-grundig-klinik.de\/wp-content\/uploads\/medizinisches-fachpersonal-radiologie-im-fr\u00f6hlichen-gespr\u00e4ch-194x300.jpg 194w, https:\/\/www.max-grundig-klinik.de\/wp-content\/uploads\/medizinisches-fachpersonal-radiologie-im-fr\u00f6hlichen-gespr\u00e4ch.jpg 581w\" sizes=\"auto, (max-width: 194px) 100vw, 194px\" \/><\/a><\/p>\n"},"caption":{"rendered":""},"alt_text":"Auch w\u00e4hrend der Arbeit Spa\u00df haben - in der Radiologie","media_type":"image","mime_type":"image\/jpeg","media_details":{"width":581,"height":900,"file":"medizinisches-fachpersonal-radiologie-im-fr\u00f6hlichen-gespr\u00e4ch.jpg","sizes":{"thumbnail":{"file":"medizinisches-fachpersonal-radiologie-im-fr\u00f6hlichen-gespr\u00e4ch-150x150.jpg","width":150,"height":150,"mime_type":"image\/jpeg","source_url":"https:\/\/www.max-grundig-klinik.de\/wp-content\/uploads\/medizinisches-fachpersonal-radiologie-im-fr\u00f6hlichen-gespr\u00e4ch-150x150.jpg"},"medium":{"file":"medizinisches-fachpersonal-radiologie-im-fr\u00f6hlichen-gespr\u00e4ch-194x300.jpg","width":194,"height":300,"mime_type":"image\/jpeg","source_url":"https:\/\/www.max-grundig-klinik.de\/wp-content\/uploads\/medizinisches-fachpersonal-radiologie-im-fr\u00f6hlichen-gespr\u00e4ch-194x300.jpg"},"entre_mikado_square":{"file":"medizinisches-fachpersonal-radiologie-im-fr\u00f6hlichen-gespr\u00e4ch-550x550.jpg","width":550,"height":550,"mime_type":"image\/jpeg","source_url":"https:\/\/www.max-grundig-klinik.de\/wp-content\/uploads\/medizinisches-fachpersonal-radiologie-im-fr\u00f6hlichen-gespr\u00e4ch-550x550.jpg"},"entre_mikado_landscape":{"file":"medizinisches-fachpersonal-radiologie-im-fr\u00f6hlichen-gespr\u00e4ch-581x550.jpg","width":581,"height":550,"mime_type":"image\/jpeg","source_url":"https:\/\/www.max-grundig-klinik.de\/wp-content\/uploads\/medizinisches-fachpersonal-radiologie-im-fr\u00f6hlichen-gespr\u00e4ch-581x550.jpg"},"entre_mikado_portrait":{"file":"medizinisches-fachpersonal-radiologie-im-fr\u00f6hlichen-gespr\u00e4ch-550x900.jpg","width":550,"height":900,"mime_type":"image\/jpeg","source_url":"https:\/\/www.max-grundig-klinik.de\/wp-content\/uploads\/medizinisches-fachpersonal-radiologie-im-fr\u00f6hlichen-gespr\u00e4ch-550x900.jpg"},"full":{"file":"medizinisches-fachpersonal-radiologie-im-fr\u00f6hlichen-gespr\u00e4ch.jpg","width":581,"height":900,"mime_type":"image\/jpeg","source_url":"https:\/\/www.max-grundig-klinik.de\/wp-content\/uploads\/medizinisches-fachpersonal-radiologie-im-fr\u00f6hlichen-gespr\u00e4ch.jpg"}},"image_meta":{"aperture":"0","credit":"","camera":"","caption":"","created_timestamp":"0","copyright":"","focal_length":"0","iso":"0","shutter_speed":"0","title":"","orientation":"0","keywords":[]}},"post":9189,"source_url":"https:\/\/www.max-grundig-klinik.de\/wp-content\/uploads\/medizinisches-fachpersonal-radiologie-im-fr\u00f6hlichen-gespr\u00e4ch.jpg","_links":{"self":[{"href":"https:\/\/www.max-grundig-klinik.de\/en\/wp-json\/wp\/v2\/media\/9134","targetHints":{"allow":["GET"]}}],"collection":[{"href":"https:\/\/www.max-grundig-klinik.de\/en\/wp-json\/wp\/v2\/media"}],"about":[{"href":"https:\/\/www.max-grundig-klinik.de\/en\/wp-json\/wp\/v2\/types\/attachment"}],"author":[{"embeddable":true,"href":"https:\/\/www.max-grundig-klinik.de\/en\/wp-json\/wp\/v2\/users\/11"}],"replies":[{"embeddable":true,"href":"https:\/\/www.max-grundig-klinik.de\/en\/wp-json\/wp\/v2\/comments?post=9134"}],"wp:attached-to":[{"embeddable":true,"post_type":"page","id":9189,"href":"https:\/\/www.max-grundig-klinik.de\/en\/wp-json\/wp\/v2\/pages\/9189"}],"curies":[{"name":"wp","href":"https:\/\/api.w.org\/{rel}","templated":true}]}}

https://max-grundig-klinik.de/wp-content/uploads/medizinisches-fachpersonal-radiologie-im-fröhlichen-gespräch.jpg

medizinisches-fachpersonal-radiologie-im-fröhlichen-gespräch

<p class="attachment"><a href='https://www.max-grundig-klinik.de/wp-content/uploads/medizinisches-fachpersonal-radiologie-im-fröhlichen-gespräch.jpg'><img loading="lazy" decoding="async" width="194" height="300" src="https://www.max-grundig-klinik.de/wp-content/uploads/medizinisches-fachpersonal-radiologie-im-fröhlichen-gespräch-194x300.jpg" class="attachment-medium size-medium" alt="Auch während der Arbeit Spaß haben - in der Radiologie" srcset="https://www.max-grundig-klinik.de/wp-content/uploads/medizinisches-fachpersonal-radiologie-im-fröhlichen-gespräch-194x300.jpg 194w, https://www.max-grundig-klinik.de/wp-content/uploads/medizinisches-fachpersonal-radiologie-im-fröhlichen-gespräch.jpg 581w" sizes="auto, (max-width: 194px) 100vw, 194px" /></a></p>

Auch während der Arbeit Spaß haben - in der Radiologie

medizinisches-fachpersonal-radiologie-im-fröhlichen-gespräch.jpg

medizinisches-fachpersonal-radiologie-im-fröhlichen-gespräch-150x150.jpg

https://www.max-grundig-klinik.de/wp-content/uploads/medizinisches-fachpersonal-radiologie-im-fröhlichen-gespräch-150x150.jpg

medizinisches-fachpersonal-radiologie-im-fröhlichen-gespräch-194x300.jpg

https://www.max-grundig-klinik.de/wp-content/uploads/medizinisches-fachpersonal-radiologie-im-fröhlichen-gespräch-194x300.jpg

medizinisches-fachpersonal-radiologie-im-fröhlichen-gespräch-550x550.jpg

https://www.max-grundig-klinik.de/wp-content/uploads/medizinisches-fachpersonal-radiologie-im-fröhlichen-gespräch-550x550.jpg

medizinisches-fachpersonal-radiologie-im-fröhlichen-gespräch-581x550.jpg

https://www.max-grundig-klinik.de/wp-content/uploads/medizinisches-fachpersonal-radiologie-im-fröhlichen-gespräch-581x550.jpg

medizinisches-fachpersonal-radiologie-im-fröhlichen-gespräch-550x900.jpg

https://www.max-grundig-klinik.de/wp-content/uploads/medizinisches-fachpersonal-radiologie-im-fröhlichen-gespräch-550x900.jpg

https://www.max-grundig-klinik.de/wp-content/uploads/medizinisches-fachpersonal-radiologie-im-fröhlichen-gespräch.jpg
